*b**3. Suppose -k - 12 = 2*k. Determine x(k).
3
Let a(x) = -60 - 7 - 29 - 18*x + 74. Calculate a(-8).
122
Let x be ((-560)/(-420))/(12*(-5)/(-45)). Let m(j) = -17*j**2 - 2 - j + 2. Calculate m(x).
-18
Let a(t) = -1590*t - 18 + 47 + 1605*t. Determine a(-2).
-1
Let h(d) be the third derivative of -d**4/6 - 11*d**3/6 - 84*d**2 - 2*d. What is h(0)?
-11
Let k(t) be the second derivative of -t**4/12 - 14*t**2 - 4*t. Let x = 11071 + -11071. What is k(x)?
-28
Let n(c) = c**2 - 8*c + 5. Suppose 0 = 60*m - 61*m + 3. Suppose -2*o - g = -16, 3*o + g - 29 = -m*g. Determine n(o).
-2
Let u be 72*((-6)/(-10) - (14 + (-2156)/165)). Let s(w) = 3*w**2 + 76*w + 91. What is s(u)?
-5
Let i(h) be the first derivative of -h**3/3 + 15*h**2/2 + 13*h + 3. Let x = 40242 + -40226. Give i(x).
-3
Let w be (-6 + 48/8)/(-2). Let x be 3/(-2)*(0 - 2). Let c(t) = 7*t + 5. Let y(j) = -4*j - 2. Let u(a) = x*c(a) + 5*y(a). Give u(w).
5
Suppose 12*x - 6*x = 1314. Let s(t) = -x*t**2 - 4*t - 224*t**2 + 444*t**2 + 1. Give s(4).
1
Let y(c) = 2*c + 16. Let p = 14783 + -14768. Calculate y(p).
46
Let w(l) be the first derivative of 5*l - 1/2*l**2 + 81. Let r(h) = -h**3 - 3*h**2 + 3*h + 1. Let t be r(-4). Give w(t).
0
Let w(t) = 62*t + 4*t**2 - 5*t**2 - 29*t - 40*t + 1. Let l(s) = -2*s - 5. Let g be l(-4). Suppose -15 = 2*y - g. Calculate w(y).
7
Let f(y) be the first derivative of y**3/3 - y**2/2 - 8. Let c be f(-5). Suppose 0*d + c = -5*d. Let k(r) = r**3 + 5*r**2 - 4*r + 8. Give k(d).
-4
Let v(q) be the second derivative of 3*q**3/2 - 369*q**2/2 + 2221*q. Give v(41).
0
Let n(q) = 3 + q - 3 + 4 - 1. Let w(o) = -o**2 - 27*o - 152. Let b be w(-9). What is n(b)?
13
Let c(q) = -4 - 6*q + 2 + 13*q. Determine c(0).
-2
Let q(c) = 3*c**3 + 55*c**2 + 11*c - 46. Let b(i) = -2*i**3 - 44*i**2 - 12*i + 45. Let k(u) = 4*b(u) + 3*q(u). Determine k(12).
6
Let j(t) = 6*t**3 - 5*t**2 - 2*t + 2. Let h(c) = -27*c - 22*c - 1 + c**2 + 49*c. Let a(n) = -3*h(n) - j(n). Give a(-1).
7
Let b(m) be the second derivative of -m**4/4 - 5*m**3/6 - 5*m**2/2 - 25*m - 108. Determine b(-4).
-33
Let w(r) = 2*r - r + 2*r - 1. Let x be 24/264 + (-76)/(-11). Let i(a) = -a**3 + 6*a**2 + 11*a - 25. Let q be i(x). Calculate w(q).
8
Let j(v) = 5*v + 30 - 5*v - 29 + 19*v**2. Let u be j(-2). Let o = u - 85. Let z(c) = -c**2 - 6*c + 11. What is z(o)?
-5
Let n(g) = 16*g**2 - 29*g - 127. Let m(q) = 5*q**2 - 13*q - 42. Let f(o) = 7*m(o) - 2*n(o). Determine f(12).
-4
Suppose 2*r = -2*t - 55 + 65, -3*r + 2*t + 15 = 0. Let p(b) = 2*b - 1. Give p(r).
9
Let n(y) = y**2 + y + 1. Let v = -115 + 143. Suppose 20*p + 24 = v*p. Determine n(p).
13
Let l(u) = u**2 + 7*u - 56. Let c be l(4). Let i(m) = -m**2 - 18*m - 70. Calculate i(c).
2
Let x = 27275 - 27267. Let f(u) = -u**3 + 7*u**2 + 15*u - 39. Give f(x).
17
Let t(k) = k**3 - 3*k + 1. Let b(w) be the third derivative of w**6/40 - w**5/20 + 3*w**4/8 - 5*w**3/6 + w**2 - 227. Let q(g) = -b(g) - 4*t(g). Determine q(-1).
8
Let s(b) be the second derivative of b**5/20 - b**4/2 - 2*b**3/3 + 6*b**2 + 1079*b. Give s(5).
-33
Let n(q) be the third derivative of q**4/8 - 31*q**3/6 + 28*q**2 + 5. Calculate n(10).
-1
Let x(b) = -b**3 - 15 + 2*b - 11*b**2 - 4*b - 7*b - 2*b. Let n = 119426 - 119436. What is x(n)?
-5
Let v(w) = -2*w**3 - w**2 - 4*w - 1. Let o(r) = 6*r + 81. Let n be o(-13). Let y(k) = k**3 + k**2 + k - 1. Let p(d) = n*y(d) + v(d). Give p(-3).
-10
Suppose 4*s - 72 + 21 = 5*g, -g = 2*s - 1. Let a(v) = -5*v - 25. Give a(g).
10
Let t(c) = c**2 + 20*c - 2. Let h = 8831 - 8848. What is t(h)?
-53
Suppose -19*b + 84 = 9*b. Let j(p) = p**2 - 9*p + 5. What is j(b)?
-13
Suppose 0 = 89*l - 93*l + 12. Let o(t) be the first derivative of -t**3/3 + 3*t**2/2 + 3*t - 156. Give o(l).
3
Let a(m) = -m + 4 + m - 3*m**2 + 4*m**2 + 2*m. Let w be a(-3). Let c(u) = u - 4 + 2 - 8*u**2 + 3 + w*u**2. Calculate c(3).
-5
Let n(t) = -t - 7. Let w(d) = 83*d**2 + 7 - d + 7*d - 91*d**2. Let i be w(-1). Calculate n(i).
0
Let t(a) = -5*a**2 - 6*a + 9. Let h(p) = p**2 - 2*p + 1. Let s(u) = -4*h(u) - t(u). Let z = 828 - 843. Determine s(z).
2
Let k(m) = m**3 + 10*m**2 + 7*m + 8. Let l(q) be the third derivative of -q**4/24 - 6*q**3 - 6*q**2 - q. Let r be l(-27). Give k(r).
26
Let p(n) be the first derivative of -n**4/4 - 3*n**3 + 6*n**2 + 8*n + 472. What is p(-10)?
-12
Let n(b) = b**3 + 12*b**2 - 4*b - 29. Let k(y) = -y**3 - 11*y**2 + 4*y + 29. Let i(o) = -5*k(o) - 4*n(o). Let w be i(-7). Let l(a) = 2*a + 1. What is l(w)?
-1
Let l(u) = -u + 1. Let h be l(-1). Let p(w) = -2*w**2 + 3*w**2 - h*w + 2 - 1. Suppose 6*z - 14 = -8. Calculate p(z).
0
Let d(j) = 1 - 197*j + 5 + 4 + 196*j. Let o be d(4). Let z(b) = -b**3 - o - 2 + 2*b**2 + 3*b + 7. Determine z(3).
-1
Let f(i) be the second derivative of i**5/10 + 23*i**4/6 - 25*i**3/3 - 39*i**2/2 - 2770*i. Give f(-24).
9
Let w(y) be the second derivative of y**5/20 + 11*y**4/12 + 11*y**3/6 - 9*y**2/2 + 1114*y. Calculate w(-10).
-19
Let f(c) be the third derivative of c**6/360 + c**5/60 - c**4/6 - 101*c**3/3 - 2*c**2 - 5*c. Let o(q) be the first derivative of f(q). Calculate o(4).
20
Let n(x) = x**3 + 15*x**2 + 19*x + 9. Suppose 12*t = c + 14*t + 14, 4*c + 56 = -4*t. Give n(c).
-61
Suppose -s - 289 = 3*h - 48, -396 = 5*h - 4*s. Let f be 64/h*(-10)/(-4). Let d(u) = u**3 + u**2 - 3*u - 3. Calculate d(f).
-1
Let j(f) be the third derivative of f**6/120 - 13*f**5/60 + 9*f**4/8 + 11*f**3/3 + 52*f**2 + 9. Determine j(10).
-8
Let i(x) be the third derivative of x**4/12 - 89*x**3/6 + 439*x**2 - 2. Determine i(43).
-3
Let h(q) be the first derivative of -q**4/24 + 5*q**3/6 + 3*q**2 - 7*q + 125. Let z(k) be the second derivative of h(k). Determine z(5).
0
Let f(q) = 10*q - 621. Let w be f(60). Let o(x) = x**3 + 23*x**2 + 43*x + 19. Give o(w).
-2
Let o(z) be the first derivative of -z**3/3 - z**2 + 5*z + 9. Suppose -2*w - 295 = f - 288, -f = -4*w + 1. What is o(f)?
-10
Let u = -115 + 127. Let l(n) = -3*n**2 + 5*n**2 + 11*n + u - 4. Calculate l(-7).
29
Suppose -v = 3*a - 8, 5*a - 18 = 3*v - 7*v. Let s(i) = -49*i**v - 6 - 4*i + 48*i**2 + 2. Determine s(-4).
-4
Suppose -15 = o - x - x, -4*o - 5 = 3*x. Let n(i) = -1 - 1332*i - 1328*i + 3957*i - 1299*i. What is n(o)?
9
Let o(r) = r**3 + 2*r**2 + r - 11. Let l be (-4 + 7)/3 - (97 + -96). Determine o(l).
-11
Let z(u) = 13*u - 143. Let j = -7662 - -7673. What is z(j)?
0
Let a(k) be the first derivative of k**4/4 + 2*k**3/3 - 5*k**2/2 - 2*k - 1832. Determine a(-3).
4
Let q(z) = 4*z**2 - 4*z - 2. Suppose s + 198 - 174 = -5*p, -4*s - 36 = 5*p. Give q(s).
78
Let s(k) = -8*k - 112. Let l(h) = -3*h**2 + 78*h + 246. Let g be l(-3). Determine s(g).
8
Let s(p) = -56 + 0*p - 55 + 115 + p. Let w = 59 + -42. Suppose -w = 2*r - 11. What is s(r)?
1
Let v(a) = 473*a - 1084*a - 2 + 603*a. What is v(-2)?
14
Let z(n) be the first derivative of -n**2/2 - 12*n + 9. Let h(o) = 2*o**2 - o - 12. Let r be h(0). Give z(r).
0
Let c(r) = -r**3 - 4*r**2 - 3*r - 1. Let o be 1 - -8*4/(-8) - -46. Suppose h = -4*k - 38, -h = h - 3*k + o. Let j = h - -23. Determine c(j).
-1
Suppose 4*r - 2*b = 40, -3*r + b + 35 = -3*b. Let h(d) = -2 - 9*d + 16*d - r*d + 16. Let a be h(8). Let x(p) = -p**2 - 6*p - 3. Calculate x(a).
5
Let z be 3/(-3) + (0 - -15). Suppose -4*v + 2*x - 3*x = -6, -3*x - z = -4*v. Suppose -v*y = y - 15. Let n(l) = l**2 - 3*l + 7. What is n(y)?
17
Let v(h) = 23*h - 108*h + 83*h - 6 + h**2. Calculate v(-6).
42
Suppose 58*q + 85 = 75*q. Let a(j) = -j**3 + 3*j**2 + 13*j - 7. Give a(q).
8
Let h(z) be the first derivative of 8*z**2 - 9*z + 1602. Determine h(-6).
-105
Let i(l) be the first derivative of -3*l - 53 - 2*l**2 - 5/3*l**3 - 1/4*l**4. What is i(-3)?
-9
Suppose 0*q = -2*z + 2*q - 226, 5*z + 5*q = -575. Let w be z/285 + (-13)/5. Let l(v) = -3*v**2 - 4*v - 2. Determine l(w).
-17
Let f(k) = 189 - 232*k**2 - 186 + 243*k**2 + 4*k. Give f(-1).
10
Let r(d) = 7*d + 79. Let k(w) = -16*w - 153. Let x(a) = -6*k(a) - 13*r(a). Calculate x(18).
-19
Let w(j) = -63*j**2 + 204*j**2 - 1 - j + 7*j**3 - 70*j**2 - 70*j**2. What is w(1)?
6
Let s(j) = -2*j**2 + 6*j. Let f = 12348 + -12348. Give s(f).
0
Let k(u) be the second derivative of u**3/2 - 3*u**2 + 348*u - 3. Determine k(1).
-3
Let z(f) = 8*f - 10*f + 0*f + 6 + 7*f. What is z(11)?
61
Let n(a) = a**2 - 10*a - 33. Let h be n(13). Suppose h*y - 